-12*t + 43. Let i be p(o). Calculate the highest common divisor of i and 34.
17
Let c be (-2 - (-200)/30)/((-2)/(-84)). Let k be -4 + c - 9/(-3). Calculate the highest common divisor of k and 117.
39
Suppose -2*p + 4 = -5*o, -16 = -p + 4*o - 5*o. Let j be ((-336)/(-7))/(-4)*(-55)/20. Calculate the greatest common divisor of p and j.
3
Let l = 18970 - 18958. What is the highest common factor of 3408 and l?
12
Let m be 2/(((-35)/14)/1 - -3) + 5. Calculate the highest common factor of m and 5013.
9
Let x be (5/25)/(5 + (-444)/90). Suppose x*s + 4*f - 15 - 19 = 0, 2*s + 5*f - 32 = 0. Calculate the greatest common divisor of s and 14.
2
Let v(m) = 1288*m**2 - 18*m - 10. Let w be v(1). Calculate the greatest common divisor of w and 80.
20
Let k(r) = 10*r + 1005. Let v be k(-81). What is the greatest common divisor of v and 1200?
15
Suppose -3*f + 930 = -3*q, 3*q - 5*f = -0*f - 924. Let c = -273 - q. Let s(m) = -m**2 + 9*m + 8. Let w be s(8). Calculate the greatest common factor of w and c.
8
Let h(d) = -d**3 + 15*d**2 - 48*d + 32. Let x be h(11). Let t be 2/(-4)*(x/3 - 28). What is the greatest common factor of t and 296?
8
Let p = -8 + 5. Suppose -3*f - 4 = -5*d, -2*f = -10*d + 9*d + 12. Let y be -5*(9 + p)*d/5. Calculate the greatest common divisor of 16 and y.
8
Suppose -3620 = -6*y - 3356. Calculate the highest common divisor of 682 and y.
22
Suppose -c - 9*u = -11*u - 537, 4*u = 4. Calculate the greatest common factor of 56 and c.
7
Let a be ((-1)/2)/((-3)/702). Suppose -c + q + 31 = 0, -c + 223*q + 41 = 220*q. Calculate the greatest common divisor of a and c.
13
Let v(t) = 49*t - 316. Let w be v(8). Calculate the highest common factor of w and 1539.
19
Suppose -7637 - 6565 = -18*l. Let a = l + -470. What is the greatest common divisor of 29 and a?
29
Suppose s - 3*s + 518 = 0. Suppose -37*a + 49*a - 444 = 0. Calculate the highest common divisor of s and a.
37
Let c(l) = -l**3 - 22*l**2 - 4*l - 70. Let z be c(-22). Suppose 0 = 18*m - 15*m - z. Let o = 178 - 124. What is the highest common divisor of o and m?
6
Let r = -1313 - -1599. What is the highest common divisor of r and 1?
1
Suppose -4989 - 14008 - 4697 = -11*b. What is the greatest common factor of b and 6?
6
Suppose -9*r - 57*r = 13*r - 63279. Calculate the highest common divisor of r and 108.
9
Suppose 4*t = -5*d + 579 - 119, -5*d = 3*t - 350. Suppose -282*x - 279*x + 704 = -553*x. What is the highest common factor of x and t?
22
Let y(j) = -j**3 - 19*j**2 - 20*j - 21. Let h be y(-18). Suppose 35*q + h = 38*q. Suppose -q*b - 8*b + 104 = 0. What is the greatest common factor of b and 88?
8
Suppose -73*y + 3473 + 4041 = -3071. What is the highest common factor of 12035 and y?
145
Let c = 1 - 1. Suppose c*a = -5*a + 650. Let l = 732602 + -732576. What is the greatest common divisor of a and l?
26
Suppose -20186 = -121*m + 8128. What is the greatest common divisor of 423 and m?
9
Suppose 12*y + 10906 = 13666. Calculate the highest common factor of 410 and y.
10
Let v be (-6 - (-3 + -3)) + 448. What is the greatest common divisor of v and 28?
28
Let k(v) = -406*v + 2442. Let t be k(6). Calculate the highest common divisor of t and 2058.
6
Let h = 8663 + -8603. What is the greatest common factor of h and 680?
20
Let w = -660 - -660. Let o(y) = y**2 - 3*y + 1. Let q be o(w). What is the highest common factor of 71 and q?
1
Let y = 80 - -1254. Calculate the highest common divisor of 87 and y.
29
Suppose -2*h + 7 = 3. Suppose -4*n + 0*r = -h*r - 88, -n = 2*r - 17. Let y(t) = 8*t - 1. Let q be y(1). Calculate the highest common factor of n and q.
7
Suppose -3*x - 2*z = -6*x + 47, -x - 5*z + 10 = 0. What is the highest common factor of x and 635?
5
Suppose -4*h + 3140 = 5*r, 2*r - 2362 = 28*h - 31*h. What is the highest common divisor of 553 and h?
79
Let n(r) = -r**3 - 22*r**2 - 35*r - 1932. Let p be n(-24). Calculate the highest common divisor of 740 and p.
20
Let d(u) = -11*u**3 - u**2 + 2*u + 2. Let j be d(-1). Suppose j*q - 2*v = 5*q + 20, 2*v = -q + 16. What is the highest common divisor of 30 and q?
6
Suppose 5*r + 768 = 4*i + 249, 2*r + 14 = 0. Let u = -14 - -25. Calculate the greatest common factor of u and i.
11
Suppose -17*b + 10*y = -22*b + 1360, 4*y = 5*b - 1332. What is the greatest common factor of b and 3886?
134
Let x = 1983 - 1976. What is the highest common divisor of 483 and x?
7
Let o be ((-44)/(-8) + -6)*(1 + -1). Suppose o = 6*d + 87 + 93. Let z = d - -120. What is the highest common factor of 36 and z?
18
Suppose 135*m - 2520 = 15*m. Calculate the greatest common factor of m and 219.
3
Suppose -124*c - 115830 = -113*c - 713*c. Let b = -6 + 21. Calculate the greatest common divisor of c and b.
15
Let s be 11/88 + 39/8. Suppose s*i = 5*v, -5*i + 6*i + 2*v - 12 = 0. What is the highest common factor of i and 6?
2
Let l(y) = 269*y - 2128. Let m be l(8). Calculate the highest common divisor of m and 168.
24
Suppose a = -1, -2*a - a + 317 = -4*m. Let l be (96/m)/((-1)/5). Let o be ((12/l)/(-1))/(4/(-26)). Calculate the greatest common factor of 117 and o.
13
Let r = 122 - 140. Let d be (r - 1)*(1 - 2). Calculate the greatest common factor of 95 and d.
19
Let m = -2284 + 2308. Suppose 5*o + 31 = 231. What is the greatest common divisor of m and o?
8
Suppose 0 = 4*w + 4 - 0. Let k be (23 - 4) + (1 - 1/w). Let n = -4 + k. Calculate the highest common factor of 119 and n.
17
Suppose j - 4*u + 43 + 9 = 0, 0 = -5*u. Let q = 123 + j. What is the greatest common divisor of 71 and q?
71
Let v = -120 - -130. Suppose -590 + 3540 = v*k. What is the greatest common divisor of 177 and k?
59
Suppose 12*b - 4*u - 740 = 10*b, 3*u - 1798 = -5*b. Suppose -2000 + b = -13*v. Calculate the highest common divisor of v and 54.
18
Let y be (-10)/((-7)/((-455)/(-10))). Let r = y - 64. Let f be r/(540/(-546) + 2/2). What is the greatest common factor of 7 and f?
7
Suppose 35 + 41 = -4*l. Let x = 23 + l. Suppose x*v = v + 9. Calculate the greatest common divisor of v and 24.
3
Let l be 1128/120 + (-4)/10. Suppose 0 = -b + 67 - l. What is the greatest common divisor of b and 58?
58
Let l be (-126 - -150)*(51/6 - (-2)/(-1)). Calculate the highest common divisor of l and 2470.
26
Let p be 4/((10/(-12))/(-5)). Let b(h) = h**2 + 207*h + 9404. Let g be b(-140). What is the greatest common factor of p and g?
24
Suppose -629*f + 652*f = 53567. What is the greatest common factor of f and 68?
17
Suppose -4*g - 2*o = 14, -4*g + o = -6 + 11. Let j be (200/g)/((-8)/2 - -2). What is the greatest common divisor of j and 150?
50
Let j be ((-2)/3)/(90/(-4320)). Let n be ((-20)/25)/((-2)/720). Calculate the greatest common factor of j and n.
32
Suppose -16*b = 114 - 322. Calculate the greatest common factor of b and 533.
13
Let n(y) be the second derivative of y**5/20 + y**4/2 + 2*y**3/3 + 2*y**2 - 2*y + 30. Let d be n(-5). Calculate the highest common factor of 45 and d.
9
Let i = 831 + -347. Let v = 132 + -88. What is the greatest common factor of v and i?
44
Let m(s) = 5*s**3 - 27*s**2 + 12*s + 12. Let t be m(5). Suppose 4*k + 5*y = 93, 0*k - 2*y = -4*k + 86. What is the greatest common factor of t and k?
22
Suppose -u - 2*l + 998 = -524, 4*u - 6116 = -l. Suppose -u = -6*d - 3*d. Calculate the greatest common factor of 51 and d.
17
Let v = 114 + -55. Suppose y = v - 21. What is the highest common divisor of y and 2?
2
Let i = 23596 - -1833. What is the highest common factor of 59 and i?
59
Suppose 3*s = -5*h + 29, -4*s - 65 = 3*h - 111. What is the highest common divisor of 43 and s?
1
Suppose 31 = b + 13. Let u be (-68)/b - 3/(81/6). Let t be (-52)/u + -1*(-6)/(-2). What is the highest common factor of t and 5?
5
Suppose n = -3*n + g + 335, 10 = 2*g. Suppose -89 = -2*m - n. What is the greatest common divisor of m and 34?
2
Let b(q) = 3*q - 33 - 2*q + 13*q - 27 - 59. Let y be b(9). What is the greatest common factor of y and 4?
1
Suppose -6*w - 43 = -43. Let l(q) = -q**3 + 3*q**2 - 4*q + 98. Let n be l(w). What is the greatest common factor of n and 14?
14
Let n = 98 + -80. Suppose 5*j = 3*j + 12. Let h be 2/j - 754/(-6). Calculate the greatest common factor of h and n.
18
Let h = 396 + -258. Let l be (6 - 5)*(0 - -2). Suppose -l*r = f - 84, h - 398 = -3*f - 4*r. What is the greatest common factor of f and 23?
23
L